{"id":5582,"date":"2021-05-11T07:17:44","date_gmt":"2021-05-11T07:17:44","guid":{"rendered":"https:\/\/equestris.hr\/?post_type=product&#038;p=5582"},"modified":"2023-11-12T19:56:56","modified_gmt":"2023-11-12T19:56:56","slug":"viteska-akademija","status":"publish","type":"product","link":"https:\/\/equestris.hr\/eng\/product\/viteska-akademija\/","title":{"rendered":"CHIVALRIC Academy"},"content":{"rendered":"","protected":false},"excerpt":{"rendered":"<p class=\"elementor-icon-box-title\">Chivalric Academy of Saint Michael and Saint George<\/p>\n<p>Vite\u0161ka akademija odr\u017eava se kao <strong>ekskluzivni dvodnevni program od 6 Modula predavanja u\u017eivo<\/strong> tijekom popodneva i to<strong> tri Modula u \u010detvrtak 23. te tri Modula u petak 24. studenog<\/strong>, <strong>od 15:00 do 17:30 sati<\/strong>, u prostorijama <strong>Vite\u0161ke akademije, Radni\u010dka cesta 47, IV. kat, 10000 Zagreb.<\/strong><\/p>\n<p>Predavanja izvodi <strong>Sandro Bari\u010devi\u0107, voditelj Vite\u0161ke akademije svetog Mihaela i svetog Jurja!<\/strong><\/p>\n<p>The names of the six Modules of the Chivalric Academy are as follows:<\/p>\n<p class=\"translation-block\">1. Uvod u vite\u0161ke redove i koncept Izvora \u010dasti (Fons Honorum)<br>\r\n2. Neovisni i polu-neovisni vite\u0161ki redovi<br>\r\n3. Europski i van-europski dinasti\u010dki vite\u0161ki redovi<br>\r\n4. Drugi dinastijski i nedavno ugasli vite\u0161ki redovi i institucije vite\u0161kog karaktera<br>\r\n5. Me\u0111unarodna plemi\u0107ka dru\u0161tva te bratov\u0161tine vite\u0161kog karaktera<br>\r\n6. Najpresti\u017eniji svjetski veleredovi te eklesiasti\u010dki redovi<\/p>\n<p>VIte\u0161ka akademija svetog Mihaela i svetog Jurja dostupna je po cijeni od<strong> 300,00 EUR + PDV.<\/strong><\/p>\n<p><strong>Omogu\u0107ili smo jednokratno pla\u0107anje Maestro, Mastercard i Visa karticama, kao i mogu\u0107nost obro\u010dnog pla\u0107anja na 2 \u2013 24 rata putem Mastercard i Visa Business karticama Zagreba\u010dke banke.<\/strong><\/p>\n<p>Prijavite se i pro\u0161irite svoja znanja! Veselimo se Va\u0161em sudjelovanju!<\/p>","protected":false},"featured_media":5368,"comment_status":"closed","ping_status":"closed","template":"","meta":{"_monsterinsights_skip_tracking":false,"_monsterinsights_sitenote_active":false,"_monsterinsights_sitenote_note":"","_monsterinsights_sitenote_category":0,"site-sidebar-layout":"default","site-content-layout":"default","ast-site-content-layout":"default","site-content-style":"default","site-sidebar-style":"default","ast-global-header-display":"","ast-banner-title-visibility":"","ast-main-header-display":"","ast-hfb-above-header-display":"","ast-hfb-below-header-display":"","ast-hfb-mobile-header-display":"","site-post-title":"","ast-breadcrumbs-content":"disabled","ast-featured-img":"","footer-sml-layout":"","theme-transparent-header-meta":"default","adv-header-id-meta":"","stick-header-meta":"","header-above-stick-meta":"","header-main-stick-meta":"","header-below-stick-meta":"","astra-migrate-meta-layouts":"set","ast-page-background-enabled":"default","ast-page-background-meta":{"desktop":{"background-color":"var(--ast-global-color-4)","background-image":"","background-repeat":"repeat","background-position":"center center","background-size":"auto","background-attachment":"scroll","background-type":"","background-media":"","overlay-type":"","overlay-color":"","overlay-opacity":"","overlay-gradient":""},"tablet":{"background-color":"","background-image":"","background-repeat":"repeat","background-position":"center center","background-size":"auto","background-attachment":"scroll","background-type":"","background-media":"","overlay-type":"","overlay-color":"","overlay-opacity":"","overlay-gradient":""},"mobile":{"background-color":"","background-image":"","background-repeat":"repeat","background-position":"center center","background-size":"auto","background-attachment":"scroll","background-type":"","background-media":"","overlay-type":"","overlay-color":"","overlay-opacity":"","overlay-gradient":""}},"ast-content-background-meta":{"desktop":{"background-color":"var(--ast-global-color-5)","background-image":"","background-repeat":"repeat","background-position":"center center","background-size":"auto","background-attachment":"scroll","background-type":"","background-media":"","overlay-type":"","overlay-color":"","overlay-opacity":"","overlay-gradient":""},"tablet":{"background-color":"var(--ast-global-color-5)","background-image":"","background-repeat":"repeat","background-position":"center center","background-size":"auto","background-attachment":"scroll","background-type":"","background-media":"","overlay-type":"","overlay-color":"","overlay-opacity":"","overlay-gradient":""},"mobile":{"background-color":"var(--ast-global-color-5)","background-image":"","background-repeat":"repeat","background-position":"center center","background-size":"auto","background-attachment":"scroll","background-type":"","background-media":"","overlay-type":"","overlay-color":"","overlay-opacity":"","overlay-gradient":""}}},"product_brand":[],"product_cat":[51],"product_tag":[],"class_list":{"0":"post-5582","1":"product","2":"type-product","3":"status-publish","4":"has-post-thumbnail","6":"product_cat-viteska-akadamija","7":"desktop-align-left","8":"tablet-align-left","9":"mobile-align-left","11":"first","12":"instock","13":"virtual","14":"sold-individually","15":"taxable","16":"purchasable","17":"product-type-simple"},"yoast_head":"<!-- This site is optimized with the Yoast SEO plugin v27.4 - https:\/\/yoast.com\/product\/yoast-seo-wordpress\/ -->\n<title>VITE\u0160KA Akademija - EQUESTRIS<\/title>\n<meta name=\"robots\" content=\"index, follow, max-snippet:-1, max-image-preview:large, max-video-preview:-1\" \/>\n<link rel=\"canonical\" href=\"https:\/\/equestris.hr\/eng\/product\/viteska-akademija\/\" \/>\n<meta property=\"og:locale\" content=\"en_GB\" \/>\n<meta property=\"og:type\" content=\"article\" \/>\n<meta property=\"og:title\" content=\"VITE\u0160KA Akademija - EQUESTRIS\" \/>\n<meta property=\"og:description\" content=\"Vite\u0161ka Akademija svetog Mihaela i svetog Jurja Vite\u0161ka akademija odr\u017eava se kao ekskluzivni dvodnevni program od 6 Modula predavanja u\u017eivo tijekom popodneva i to tri Modula u \u010detvrtak 23. te tri Modula u petak 24. studenog, od 15:00 do 17:30 sati, u prostorijama Vite\u0161ke akademije, Radni\u010dka cesta 47, IV. kat, 10000 Zagreb.  Predavanja izvodi Sandro Bari\u010devi\u0107, voditelj Vite\u0161ke akademije svetog Mihaela i svetog Jurja!  Nazivi \u0161est Modula Vite\u0161ke akademije su kako slijedi:  1. Uvod u vite\u0161ke redove i koncept Izvora \u010dasti (Fons Honorum) 2. Neovisni i polu-neovisni vite\u0161ki redovi 3. Europski i van-europski dinasti\u010dki vite\u0161ki redovi 4. Drugi dinastijski i nedavno ugasli vite\u0161ki redovi i institucije vite\u0161kog karaktera 5. Me\u0111unarodna plemi\u0107ka dru\u0161tva te bratov\u0161tine vite\u0161kog karaktera 6. Najpresti\u017eniji svjetski veleredovi te eklesiasti\u010dki redovi  VIte\u0161ka akademija svetog Mihaela i svetog Jurja dostupna je po cijeni od 300,00 EUR + PDV.  Omogu\u0107ili smo jednokratno pla\u0107anje Maestro, Mastercard i Visa karticama, kao i mogu\u0107nost obro\u010dnog pla\u0107anja na 2 \u2013 24 rata putem Mastercard i Visa Business karticama Zagreba\u010dke banke.  Prijavite se i pro\u0161irite svoja znanja! Veselimo se Va\u0161em sudjelovanju!\" \/>\n<meta property=\"og:url\" content=\"https:\/\/equestris.hr\/eng\/product\/viteska-akademija\/\" \/>\n<meta property=\"og:site_name\" content=\"EQUESTRIS\" \/>\n<meta property=\"article:modified_time\" content=\"2023-11-12T19:56:56+00:00\" \/>\n<meta property=\"og:image\" content=\"https:\/\/equestris.hr\/wp-content\/uploads\/2021\/05\/VITES\u030cKA-AKADEMIJE-LOGO.jpg\" \/>\n\t<meta property=\"og:image:width\" content=\"1080\" \/>\n\t<meta property=\"og:image:height\" content=\"1163\" \/>\n\t<meta property=\"og:image:type\" content=\"image\/jpeg\" \/>\n<meta name=\"twitter:card\" content=\"summary_large_image\" \/>\n<script type=\"application\/ld+json\" class=\"yoast-schema-graph\">{\"@context\":\"https:\\\/\\\/schema.org\",\"@graph\":[{\"@type\":\"WebPage\",\"@id\":\"https:\\\/\\\/equestris.hr\\\/product\\\/viteska-akademija\\\/\",\"url\":\"https:\\\/\\\/equestris.hr\\\/product\\\/viteska-akademija\\\/\",\"name\":\"VITE\u0160KA Akademija - EQUESTRIS\",\"isPartOf\":{\"@id\":\"https:\\\/\\\/equestris.hr\\\/#website\"},\"primaryImageOfPage\":{\"@id\":\"https:\\\/\\\/equestris.hr\\\/product\\\/viteska-akademija\\\/#primaryimage\"},\"image\":{\"@id\":\"https:\\\/\\\/equestris.hr\\\/product\\\/viteska-akademija\\\/#primaryimage\"},\"thumbnailUrl\":\"https:\\\/\\\/equestris.hr\\\/wp-content\\\/uploads\\\/2021\\\/05\\\/VITES\u030cKA-AKADEMIJE-LOGO.jpg\",\"datePublished\":\"2021-05-11T07:17:44+00:00\",\"dateModified\":\"2023-11-12T19:56:56+00:00\",\"breadcrumb\":{\"@id\":\"https:\\\/\\\/equestris.hr\\\/product\\\/viteska-akademija\\\/#breadcrumb\"},\"inLanguage\":\"en-GB\",\"potentialAction\":[{\"@type\":\"ReadAction\",\"target\":[\"https:\\\/\\\/equestris.hr\\\/product\\\/viteska-akademija\\\/\"]}]},{\"@type\":\"ImageObject\",\"inLanguage\":\"en-GB\",\"@id\":\"https:\\\/\\\/equestris.hr\\\/product\\\/viteska-akademija\\\/#primaryimage\",\"url\":\"https:\\\/\\\/equestris.hr\\\/wp-content\\\/uploads\\\/2021\\\/05\\\/VITES\u030cKA-AKADEMIJE-LOGO.jpg\",\"contentUrl\":\"https:\\\/\\\/equestris.hr\\\/wp-content\\\/uploads\\\/2021\\\/05\\\/VITES\u030cKA-AKADEMIJE-LOGO.jpg\",\"width\":1080,\"height\":1163},{\"@type\":\"BreadcrumbList\",\"@id\":\"https:\\\/\\\/equestris.hr\\\/product\\\/viteska-akademija\\\/#breadcrumb\",\"itemListElement\":[{\"@type\":\"ListItem\",\"position\":1,\"name\":\"Home\",\"item\":\"https:\\\/\\\/equestris.hr\\\/\"},{\"@type\":\"ListItem\",\"position\":2,\"name\":\"Shop\",\"item\":\"https:\\\/\\\/equestris.hr\\\/equestrisshop\\\/\"},{\"@type\":\"ListItem\",\"position\":3,\"name\":\"VITE\u0160KA Akademija\"}]},{\"@type\":\"WebSite\",\"@id\":\"https:\\\/\\\/equestris.hr\\\/#website\",\"url\":\"https:\\\/\\\/equestris.hr\\\/\",\"name\":\"EQUESTRIS\",\"description\":\"\",\"publisher\":{\"@id\":\"https:\\\/\\\/equestris.hr\\\/#organization\"},\"potentialAction\":[{\"@type\":\"SearchAction\",\"target\":{\"@type\":\"EntryPoint\",\"urlTemplate\":\"https:\\\/\\\/equestris.hr\\\/?s={search_term_string}\"},\"query-input\":{\"@type\":\"PropertyValueSpecification\",\"valueRequired\":true,\"valueName\":\"search_term_string\"}}],\"inLanguage\":\"en-GB\"},{\"@type\":\"Organization\",\"@id\":\"https:\\\/\\\/equestris.hr\\\/#organization\",\"name\":\"EQUESTRIS\",\"url\":\"https:\\\/\\\/equestris.hr\\\/\",\"logo\":{\"@type\":\"ImageObject\",\"inLanguage\":\"en-GB\",\"@id\":\"https:\\\/\\\/equestris.hr\\\/#\\\/schema\\\/logo\\\/image\\\/\",\"url\":\"https:\\\/\\\/equestris.hr\\\/wp-content\\\/uploads\\\/2021\\\/04\\\/cropped-eqestris-logo.png\",\"contentUrl\":\"https:\\\/\\\/equestris.hr\\\/wp-content\\\/uploads\\\/2021\\\/04\\\/cropped-eqestris-logo.png\",\"width\":246,\"height\":100,\"caption\":\"EQUESTRIS\"},\"image\":{\"@id\":\"https:\\\/\\\/equestris.hr\\\/#\\\/schema\\\/logo\\\/image\\\/\"}}]}<\/script>\n<!-- \/ Yoast SEO plugin. -->","yoast_head_json":{"title":"VITE\u0160KA Akademija - EQUESTRIS","robots":{"index":"index","follow":"follow","max-snippet":"max-snippet:-1","max-image-preview":"max-image-preview:large","max-video-preview":"max-video-preview:-1"},"canonical":"https:\/\/equestris.hr\/eng\/product\/viteska-akademija\/","og_locale":"en_GB","og_type":"article","og_title":"VITE\u0160KA Akademija - EQUESTRIS","og_description":"Vite\u0161ka Akademija svetog Mihaela i svetog Jurja Vite\u0161ka akademija odr\u017eava se kao ekskluzivni dvodnevni program od 6 Modula predavanja u\u017eivo tijekom popodneva i to tri Modula u \u010detvrtak 23. te tri Modula u petak 24. studenog, od 15:00 do 17:30 sati, u prostorijama Vite\u0161ke akademije, Radni\u010dka cesta 47, IV. kat, 10000 Zagreb.  Predavanja izvodi Sandro Bari\u010devi\u0107, voditelj Vite\u0161ke akademije svetog Mihaela i svetog Jurja!  Nazivi \u0161est Modula Vite\u0161ke akademije su kako slijedi:  1. Uvod u vite\u0161ke redove i koncept Izvora \u010dasti (Fons Honorum) 2. Neovisni i polu-neovisni vite\u0161ki redovi 3. Europski i van-europski dinasti\u010dki vite\u0161ki redovi 4. Drugi dinastijski i nedavno ugasli vite\u0161ki redovi i institucije vite\u0161kog karaktera 5. Me\u0111unarodna plemi\u0107ka dru\u0161tva te bratov\u0161tine vite\u0161kog karaktera 6. Najpresti\u017eniji svjetski veleredovi te eklesiasti\u010dki redovi  VIte\u0161ka akademija svetog Mihaela i svetog Jurja dostupna je po cijeni od 300,00 EUR + PDV.  Omogu\u0107ili smo jednokratno pla\u0107anje Maestro, Mastercard i Visa karticama, kao i mogu\u0107nost obro\u010dnog pla\u0107anja na 2 \u2013 24 rata putem Mastercard i Visa Business karticama Zagreba\u010dke banke.  Prijavite se i pro\u0161irite svoja znanja! Veselimo se Va\u0161em sudjelovanju!","og_url":"https:\/\/equestris.hr\/eng\/product\/viteska-akademija\/","og_site_name":"EQUESTRIS","article_modified_time":"2023-11-12T19:56:56+00:00","og_image":[{"width":1080,"height":1163,"url":"https:\/\/equestris.hr\/wp-content\/uploads\/2021\/05\/VITES\u030cKA-AKADEMIJE-LOGO.jpg","type":"image\/jpeg"}],"twitter_card":"summary_large_image","schema":{"@context":"https:\/\/schema.org","@graph":[{"@type":"WebPage","@id":"https:\/\/equestris.hr\/product\/viteska-akademija\/","url":"https:\/\/equestris.hr\/product\/viteska-akademija\/","name":"VITE\u0160KA Akademija - EQUESTRIS","isPartOf":{"@id":"https:\/\/equestris.hr\/#website"},"primaryImageOfPage":{"@id":"https:\/\/equestris.hr\/product\/viteska-akademija\/#primaryimage"},"image":{"@id":"https:\/\/equestris.hr\/product\/viteska-akademija\/#primaryimage"},"thumbnailUrl":"https:\/\/equestris.hr\/wp-content\/uploads\/2021\/05\/VITES\u030cKA-AKADEMIJE-LOGO.jpg","datePublished":"2021-05-11T07:17:44+00:00","dateModified":"2023-11-12T19:56:56+00:00","breadcrumb":{"@id":"https:\/\/equestris.hr\/product\/viteska-akademija\/#breadcrumb"},"inLanguage":"en-GB","potentialAction":[{"@type":"ReadAction","target":["https:\/\/equestris.hr\/product\/viteska-akademija\/"]}]},{"@type":"ImageObject","inLanguage":"en-GB","@id":"https:\/\/equestris.hr\/product\/viteska-akademija\/#primaryimage","url":"https:\/\/equestris.hr\/wp-content\/uploads\/2021\/05\/VITES\u030cKA-AKADEMIJE-LOGO.jpg","contentUrl":"https:\/\/equestris.hr\/wp-content\/uploads\/2021\/05\/VITES\u030cKA-AKADEMIJE-LOGO.jpg","width":1080,"height":1163},{"@type":"BreadcrumbList","@id":"https:\/\/equestris.hr\/product\/viteska-akademija\/#breadcrumb","itemListElement":[{"@type":"ListItem","position":1,"name":"Home","item":"https:\/\/equestris.hr\/"},{"@type":"ListItem","position":2,"name":"Shop","item":"https:\/\/equestris.hr\/equestrisshop\/"},{"@type":"ListItem","position":3,"name":"VITE\u0160KA Akademija"}]},{"@type":"WebSite","@id":"https:\/\/equestris.hr\/#website","url":"https:\/\/equestris.hr\/","name":"EQUESTRIS","description":"","publisher":{"@id":"https:\/\/equestris.hr\/#organization"},"potentialAction":[{"@type":"SearchAction","target":{"@type":"EntryPoint","urlTemplate":"https:\/\/equestris.hr\/?s={search_term_string}"},"query-input":{"@type":"PropertyValueSpecification","valueRequired":true,"valueName":"search_term_string"}}],"inLanguage":"en-GB"},{"@type":"Organization","@id":"https:\/\/equestris.hr\/#organization","name":"EQUESTRIS","url":"https:\/\/equestris.hr\/","logo":{"@type":"ImageObject","inLanguage":"en-GB","@id":"https:\/\/equestris.hr\/#\/schema\/logo\/image\/","url":"https:\/\/equestris.hr\/wp-content\/uploads\/2021\/04\/cropped-eqestris-logo.png","contentUrl":"https:\/\/equestris.hr\/wp-content\/uploads\/2021\/04\/cropped-eqestris-logo.png","width":246,"height":100,"caption":"EQUESTRIS"},"image":{"@id":"https:\/\/equestris.hr\/#\/schema\/logo\/image\/"}}]}},"_links":{"self":[{"href":"https:\/\/equestris.hr\/eng\/wp-json\/wp\/v2\/product\/5582","targetHints":{"allow":["GET"]}}],"collection":[{"href":"https:\/\/equestris.hr\/eng\/wp-json\/wp\/v2\/product"}],"about":[{"href":"https:\/\/equestris.hr\/eng\/wp-json\/wp\/v2\/types\/product"}],"replies":[{"embeddable":true,"href":"https:\/\/equestris.hr\/eng\/wp-json\/wp\/v2\/comments?post=5582"}],"wp:featuredmedia":[{"embeddable":true,"href":"https:\/\/equestris.hr\/eng\/wp-json\/wp\/v2\/media\/5368"}],"wp:attachment":[{"href":"https:\/\/equestris.hr\/eng\/wp-json\/wp\/v2\/media?parent=5582"}],"wp:term":[{"taxonomy":"product_brand","embeddable":true,"href":"https:\/\/equestris.hr\/eng\/wp-json\/wp\/v2\/product_brand?post=5582"},{"taxonomy":"product_cat","embeddable":true,"href":"https:\/\/equestris.hr\/eng\/wp-json\/wp\/v2\/product_cat?post=5582"},{"taxonomy":"product_tag","embeddable":true,"href":"https:\/\/equestris.hr\/eng\/wp-json\/wp\/v2\/product_tag?post=5582"}],"curies":[{"name":"wp","href":"https:\/\/api.w.org\/{rel}","templated":true}]}}